{"id":7,"date":"2025-05-22T08:22:19","date_gmt":"2025-05-22T08:22:19","guid":{"rendered":"https:\/\/angry-feistel.195-242-103-123.plesk.page\/?page_id=7"},"modified":"2026-03-31T10:31:05","modified_gmt":"2026-03-31T10:31:05","slug":"startseite","status":"publish","type":"page","link":"https:\/\/www.kleingartenverein-sonnenhuegel.de\/","title":{"rendered":"Startseite"},"content":{"rendered":"\n<h1 class=\"wp-block-heading\"><strong>Unsere Anlage<\/strong><\/h1>\n\n\n\n<p class=\"has-black-color has-text-color has-link-color has-medium-font-size wp-elements-dbe1049a825f918b9b39cfeada2d0158\">Unsere Anlage liegt direkt am Ortsausgang von\u00a0Taucha im Ortsteil\u00a0Pl\u00f6sitz\u00a0Richtung\u00a0Panitzsch und umfasst insgesamt 38 Parzellen.<\/p>\n\n\n\n<p class=\"has-medium-font-size\"><strong>Zu allen Gartenparzellen geh\u00f6rt auf dem eingez\u00e4unten Gel\u00e4nde ein PKW-Stellplatz dazu.<\/strong><\/p>\n\n\n\n<p class=\"has-medium-font-size\"><strong>Die Gartenanlage ist f\u00fcr die \u00d6ffentlichkeit zug\u00e4nglich und G\u00e4ste sind gern gesehen.<\/strong><\/p>\n\n\n\n<p class=\"has-medium-font-size\"><strong>Alle G\u00e4rten sind innerhalb unserer Anlage nur durch halb hohe Hecken begrenzt, so dass die Einsehbarkeit auch untereinander sehr sch\u00f6n gegeben ist.<\/strong><\/p>\n\n\n\n<p class=\"has-medium-font-size\"><strong>Zwei gro\u00dfz\u00fcgig angelegte Wege f\u00fchren, entweder \u00fcber den Parkplatz oder links vom&nbsp;Vereinshaus, direkt zu den einzelnen G\u00e4rten.<\/strong><\/p>\n\n\n\n<p><strong>Die genaue Adresse lautet:<\/strong><\/p>\n\n\n\n<p class=\"has-black-color has-text-color has-link-color has-medium-font-size wp-elements-6f41ad1b9dcd5e4c6cbf96edb2362d38\"><strong>KGV Sonnenh\u00fcgel e.V.<br>Wurzner Stra\u00dfe 45<br>04425 Taucha<\/strong><\/p>\n\n\n\n<p class=\"has-black-color has-text-color has-link-color has-medium-font-size wp-elements-9ea9de3557edab6b4469dff93e6affdc\"><\/p>\n\n\n\n<p class=\"has-medium-font-size\"><\/p>\n\n\n\n<p class=\"has-medium-font-size\"><\/p>\n\n\n\n<p class=\"has-medium-font-size\"><\/p>\n\n\n\n<p class=\"has-medium-font-size\"><\/p>\n\n\n\n<p><\/p>\n","protected":false},"excerpt":{"rendered":"<p>Unsere Anlage Unsere Anlage liegt direkt am Ortsausgang von\u00a0Taucha im Ortsteil\u00a0Pl\u00f6sitz\u00a0Richtung\u00a0Panitzsch und umfasst insgesamt 38 Parzellen. Zu allen Gartenparzellen geh\u00f6rt auf dem eingez\u00e4unten Gel\u00e4nde ein PKW-Stellplatz dazu. Die Gartenanlage ist f\u00fcr die \u00d6ffentlichkeit zug\u00e4nglich und G\u00e4ste sind gern gesehen. Alle<\/p>\n","protected":false},"author":1,"featured_media":0,"parent":0,"menu_order":0,"comment_status":"closed","ping_status":"closed","template":"","meta":{"footnotes":""},"class_list":["post-7","page","type-page","status-publish","hentry"],"publishpress_future_action":{"enabled":false,"date":"2026-04-18 09:17:43","action":"change-status","newStatus":"draft","terms":[],"taxonomy":"","extraData":[]},"publishpress_future_workflow_manual_trigger":{"enabledWorkflows":[]},"_links":{"self":[{"href":"https:\/\/www.kleingartenverein-sonnenhuegel.de\/index.php\/wp-json\/wp\/v2\/pages\/7","targetHints":{"allow":["GET"]}}],"collection":[{"href":"https:\/\/www.kleingartenverein-sonnenhuegel.de\/index.php\/wp-json\/wp\/v2\/pages"}],"about":[{"href":"https:\/\/www.kleingartenverein-sonnenhuegel.de\/index.php\/wp-json\/wp\/v2\/types\/page"}],"author":[{"embeddable":true,"href":"https:\/\/www.kleingartenverein-sonnenhuegel.de\/index.php\/wp-json\/wp\/v2\/users\/1"}],"replies":[{"embeddable":true,"href":"https:\/\/www.kleingartenverein-sonnenhuegel.de\/index.php\/wp-json\/wp\/v2\/comments?post=7"}],"version-history":[{"count":7,"href":"https:\/\/www.kleingartenverein-sonnenhuegel.de\/index.php\/wp-json\/wp\/v2\/pages\/7\/revisions"}],"predecessor-version":[{"id":162,"href":"https:\/\/www.kleingartenverein-sonnenhuegel.de\/index.php\/wp-json\/wp\/v2\/pages\/7\/revisions\/162"}],"wp:attachment":[{"href":"https:\/\/www.kleingartenverein-sonnenhuegel.de\/index.php\/wp-json\/wp\/v2\/media?parent=7"}],"curies":[{"name":"wp","href":"https:\/\/api.w.org\/{rel}","templated":true}]}}